t w = -49 - -53. Let q(m) = -m**3 + 7*m**2 - 5*m - 6. Let n be q(6). Is n + (3 - (-856)/w) a composite number?
True
Suppose 3*p + 1503 = y + 7427, 4*y - 7872 = -4*p. Is p a composite number?
False
Suppose 5*c - 49 = -3*h, -65 = -4*h - 4*c + 3. Suppose h = 3*j - g, -2*g = -4*g. Is (369/12)/(j/16) prime?
False
Suppose -5*r + 0*c + 27531 = c, 0 = 4*r - 5*c - 22048. Is r composite?
False
Suppose 16*r - 48 = 4*r. Let a(g) = 265*g - 11. Is a(r) a composite number?
False
Let s(i) = -3767*i - 6. Is s(-1) composite?
False
Let g = -633 + 2264. Is g a composite number?
True
Let u(g) = -11*g**3 - g**2 + 2*g - 1. Let h be u(1). Let w = h + 6. Is w/(-5) - -28*9 a prime number?
False
Let c be 194/10 + (-14)/35. Let r = c + -5. Is r a composite number?
True
Suppose -5 = 4*w + 3*l + 2*l, 4*w = -4*l - 4. Suppose 3*g - 4206 = 5*b, w = 3*g + 3*b - 1257 - 2925. Is g a composite number?
True
Let z be (-3500)/(-231)*672 + (-2)/(-11). Suppose -6784 = 6*a - 8*a + 2*o, -5*o - z = -3*a. Is a prime?
True
Suppose 5*d = 5, 5*h - 5*d - 267 = -2*d. Let a = h - 33. Suppose 0 = p + b - a, 3*b - 16 = -p + 9. Is p a composite number?
False
Suppose 0 = -7*q + 42528 + 613. Is q a prime number?
True
Let k(u) = -u**3 - 2*u**2 - u - 3. Let c be k(-3). Suppose c*j - 4*j + 5 = 0. Let s(i) = -125*i + 2. Is s(j) prime?
True
Suppose 0 = 5*v + r - 8, 0 = -r - 2*r + 9. Let d = v - -1. Suppose -5*c = -n - 162, 14 = -d*c - n + 83. Is c prime?
False
Suppose -2*o + 2675 = -m + 504, -4338 = -4*o - 2*m. Suppose o = 3*y + 5*g + 384, -3*g - 6 = 0. Let w = y + -144. Is w composite?
True
Suppose -8*q = -9*q + 1. Is q/((-7161)/(-3579) + -2) composite?
False
Let m = 44912 - 27889. Is m composite?
True
Let j be ((-30)/(-25))/((-1)/5). Let y be (-4)/j - (-2)/(-3). Suppose -5*f + 1135 = 5*c, y*c = -4*c + 2*f + 884. Is c a composite number?
False
Let j(f) = -f**3 - 2*f**2 + f - 4. Let y be j(-3). Suppose 3*i - 7 = y*l + 93, -269 = 5*l + 2*i. Let b = 171 + l. Is b composite?
True
Suppose -4*h - 5*c = -0*h + 84, 3*h - 4*c = -63. Let a = 221 - 147. Let k = a + h. Is k composite?
False
Is (858/104)/((-3)/(-1028)) a composite number?
True
Let h = -10117 + 16943. Is h a prime number?
False
Let p(m) = 45*m + 61. Is p(14) composite?
False
Suppose -5*c = -25, -v + 3*c - 513 = -4*v. Suppose -v = 32*n - 34*n. Is n composite?
False
Suppose -158*w + 14519 = -157*w. Is w a composite number?
False
Let j(x) = -2*x - 10. Let r be j(-13). Let l = r + -16. Suppose 85 = k + 4*z, l*k + 4*k + 4*z = 280. Is k composite?
True
Let m(v) = 3*v**2 - 11*v + 1. Let w be (-40)/60 + (-88)/(-6). Let g be m(w). Suppose 3*s - g - 4194 = 0. Is s a prime number?
True
Let s = -554 - -1813. Is s prime?
True
Suppose -j - 536 = 5*x, -3*x + 2*j - j = 320. Let q = -28 - x. Is q composite?
False
Let x = -833 - -2782. Is x composite?
False
Suppose 3*c = c + 8, -5856 = -2*u - 4*c. Suppose 4*x - 5885 = -5*v, -x - x + 2*v + u = 0. Is x a prime number?
False
Suppose p - 2*y = 3*y + 2232, 2*p - 4457 = 3*y. Is p a composite number?
True
Let z(v) = 391*v**3 + v**2 - 8*v - 4. Let w be z(-3). Let t = -6417 - w. Is t composite?
False
Is -1 + 1866 + 5*2/5 a composite number?
False
Suppose 3*c - 29 = -3*q - 2*c, 5*c = -5*q + 35. Suppose 520 = -k - q*k. Let p = k + 279. Is p prime?
True
Suppose 0 = 4*n - 5 - 7. Suppose -3*w = -5*w - q + n, 20 = -4*q. Suppose 3*s = -15, -3*k + w*s + 114 = -83. Is k a composite number?
False
Let t(m) = -m**2 - 12*m + 18. Let r be t(-11). Is ((-42)/3)/((-2)/r + 0) a prime number?
False
Let m = 24 - 22. Suppose 3*y - 5*y = 3*c + 6, -y + c + m = 0. Suppose y = 2*r - 3*v - 425, 3*v - 1073 = -5*r - 0*v. Is r a composite number?
True
Let n(r) be the second derivative of 2*r**2 + 0 - 1/3*r**3 + r. Is n(-11) a prime number?
False
Let k be (4/(-8))/(1/(-4)). Suppose 5*g - 12 = -k. Suppose 5*f + 0*z - 145 = -g*z, f - 46 = 3*z. Is f composite?
False
Suppose 25082 = 6*w - 1804. Is w a prime number?
True
Suppose -5*a + 2862 = -3*f, 4*f = a + a - 1142. Suppose 3*t + 3*z - a = 762, 5*t + 2*z = 2237. Is t composite?
False
Suppose 4*a - 5*d + 272 = 0, -3*d = 5*a - 35 + 375. Let s be a/(1/(-9)*-6). Let w = s - -191. Is w prime?
True
Suppose 25882 = 2*w - 1680. Is w a prime number?
True
Suppose 94234 = 3*s + 5*j - 125109, -6*s + 5*j + 438746 = 0. Is s prime?
True
Let a(x) = 480*x**2 + x. Let h(f) = 2400*f**2 + 6*f. Let r(o) = 11*a(o) - 2*h(o). Let m = -695 - -694. Is r(m) a prime number?
False
Let m(f) = -16*f + 21. Let b(k) = -8*k + 10. Let x(d) = 5*b(d) - 3*m(d). Let w be 2 - (5 + -1)*-2. Is x(w) composite?
False
Suppose 50 = 5*b + 25. Suppose -5*x = -5*n + 31838 - 7158, 0 = b*x - 5. Is n a prime number?
True
Let w = -155 + 159. Suppose 3*h + 2*l - 1263 = 3420, w*l = 0. Is h composite?
True
Let c = 13226 - -5967. Is c composite?
True
Let o = 231 - -111. Let r = -481 + o. Let x = -80 - r. Is x prime?
True
Let a = 115 + 136. Is a composite?
False
Is ((1 - 3) + 0)*(-20490)/60 a composite number?
False
Let p(o) = 7*o**3 + 17*o**2 + 3*o + 254. Is p(19) prime?
False
Let v(u) = u**2 + 7*u - 6. Let l be v(-8). Suppose -4*k - 12 = 5*i, 6*i - l*i = -k - 3. Is (-77)/3*(-6 - k) a prime number?
False
Let p(i) = 599*i**2 - 2*i + 11. Is p(-2) a prime number?
True
Let j(c) be the first derivative of c**4/4 - 8*c**3/3 + 4*c**2 - 6*c + 1. Let g be j(7). Suppose -2*r = h - 68, 0 = -3*h - 5 - g. Is r composite?
True
Let y = -1 + -127. Let d = y + 195. Is d a prime number?
True
Let y(n) = n**3 + 59*n**2 + 121*n - 53. Is y(-54) a prime number?
True
Is (34/136)/((-2)/(-526088)) composite?
False
Let i = 1082 + 137. Is i prime?
False
Let m be 4886/(-14)*(0 - 1). Suppose 0 = -4*y + 4*d + 704, -d = -2*y + 2*d + m. Is y a composite number?
False
Suppose 9626 = 4*r + 3582. Suppose -5*n = -3*n - 5*f + 1012, -3*n + 4*f - r = 0. Is (-8)/(-16) - n/2 composite?
False
Let j be 1392 - (-1 + 0 + 2). Let o be 1/(-2) - j/(-2). Suppose 0 = h + 4*h - o. Is h a prime number?
True
Suppose 5*n + 3 - 18 = 0, -4*d = 2*n + 58. Let k(b) = -b**3 + 18*b**2 + 16*b + 66. Let z be k(19). Is (z*d/12)/(-2) composite?
True
Let o be 199 - 4 - (-2)/1. Let y(g) = g**2 + 7*g + 8. Let m be y(-6). Suppose 4*n - m*w + w - 767 = 0, -n + o = -2*w. Is n prime?
True
Let h(x) = -x**3 + 16*x**2 + 4*x - 34. Suppose -4*b - 23 = -5*b + 4*u, -3*u = -2*b + 36. Is h(b) a prime number?
True
Let x(t) = t + 956. Let c be x(0). Let v(k) = k**2 - 11*k + 13. Let o be v(10). Suppose -o*b + c = b. Is b a prime number?
True
Suppose 0 = 4*d - 3*t - 5132, 5*d + 2*t - 6415 = 4*t. Is d a prime number?
True
Let c(r) be the second derivative of 17*r**4/12 - r**3/6 - 11*r**2/2 + 28*r. Is c(-5) a prime number?
True
Let q be 6/(-33) + (-334)/(-22). Is (-15430)/q*((-5)/2 - -1) a prime number?
True
Let t(l) = -117*l - 1. Let c(j) = -j + 1. Let v(f) = -4*c(f) - t(f). Suppose 2*n - 4*o = n - 4, 5*n + 4*o - 28 = 0. Is v(n) prime?
False
Let s = -69839 + 110398. Is s a prime number?
True
Let s be 2 - (-1 + -3 + 4). Is (571 + s)*(2 + -1) composite?
True
Let k(s) = s**2 + s. Let a(d) = -d - 1. Let g(z) = 4*a(z) + k(z). Let m be g(3). Let r(q) = q**2 - 4*q - 1. Is r(m) a prime number?
True
Suppose 5*w + 1553 = 168. Let t = w + 755. Is t a prime number?
False
Suppose 32924 - 10868 = 8*y. Is y prime?
False
Let c(w) = -w**3 - 14*w**2 - 21*w + 29. Is c(-16) a prime number?
True
Let h(d) = 4*d**3 - 28*d**2 + 12*d - 33. Is h(14) a composite number?
False
Let h(t) = -101*t. Let f be h(1). Let o = f - -50. Is (o/(-6))/((-3)/(-42)) a composite number?
True
Suppose 5*h - 675 = -6*j + j, 2*j = -5*h + 684. Let t = 851 + h. Is t prime?
False
Is (-1 - -44823) + (4 - 3) + -4 prime?
True
Let l(f) = -f**2 - 5*f + 8. Let i be l(-6). Let w(m) = 45*m - 82*m + i + 44*m. Is w(5) a composite number?
False
Let b be (-30)/(-4) - -2 - (-14)/(-28). Suppose -1326 + b = -3*x. Is x a prime number?
True
Let r = -126 + 5665. Is r a prime number?
False
Suppose 7 - 10 = -z. Suppose 0*n = -z*n + 93. Is n a prime number?
True
Let c(a) = -a**3 + 10*a**2 - 5*a - 8. Let h be c(10). Let u = 63 - h. Is u a composite number?
True
Suppose -9 + 17 = 2*c. Suppose 1685 = 5*a - 5*f, 2*f - 613 - 723 = -c*a. Is a composite?
True
Let v = 16186 + -7932. Is v composite?
True
Suppose 0 = -9*j - 3250 + 24967. Is j composite?
True
Suppose 0 = -2*l + 4 - 8. Let c(v) = 584*v**2 + 2*v + 1. Is c(l) a c